{"id":1590,"date":"2015-05-11T12:33:45","date_gmt":"2015-05-11T10:33:45","guid":{"rendered":"http:\/\/martawiecka.pl\/?page_id=1590"},"modified":"2015-05-12T22:22:29","modified_gmt":"2015-05-12T20:22:29","slug":"scenariusze-2","status":"publish","type":"page","link":"https:\/\/martawiecka.pl\/?page_id=1590","title":{"rendered":"Scenariusze"},"content":{"rendered":"<p>&nbsp;<\/p>\n<p><span style=\"font-family: 'Cantora One', sans-serif;\"><a href=\"https:\/\/martawiecka.pl\/wp-content\/uploads\/2015\/05\/Wieczornica.doc\" target=\"_blank\">WIECZORNICA &#8222;Nikt nie ma wi\u0119kszej mi\u0142o\u015bci&#8230;&#8221;<\/a><\/span><\/p>\n<p><span style=\"font-family: 'Cantora One', sans-serif;\"><a href=\"https:\/\/martawiecka.pl\/wp-content\/uploads\/2015\/05\/Misterium.doc\">MISTERIUM \u201eB\u0105d\u017amy uczniami Chrystusa razem z siostr\u0105 Mart\u0105 Wieck\u0105&#8221;<\/a><\/span><\/p>\n<p>&nbsp;<\/p>\n<p><b>KONSPEKTY DO WYKORZYSTANIA W PRACY Z DZIE\u0106MI I M\u0141ODZIE\u017b\u0104:\u00a0<\/b><\/p>\n<p style=\"text-align: left; padding-left: 30px;\"><strong><span style=\"font-size: 16px;\"><em><span style=\"font-family: 'Cantora One', sans-serif;\">Przedszkole<\/span><\/em><\/span><\/strong><\/p>\n<p style=\"text-align: left; padding-left: 30px;\"><span style=\"font-family: 'Cantora One', sans-serif;\"><a href=\"https:\/\/martawiecka.pl\/wp-content\/uploads\/2015\/05\/konspekt_przedszkole1.doc\" target=\"_blank\">Konspekt &#8211; s. B. Wide\u0142ka<\/a><\/span><\/p>\n<p style=\"text-align: left; padding-left: 30px;\"><span style=\"font-family: 'Cantora One', sans-serif;\"><a href=\"https:\/\/martawiecka.pl\/wp-content\/uploads\/2015\/05\/konspekt_przedszkole2.doc\" target=\"_blank\">Konspekt &#8211; s. U. Kosicka<\/a><\/span><\/p>\n<p style=\"text-align: left; padding-left: 30px;\"><span style=\"font-family: 'Cantora One', sans-serif;\"><strong><span style=\"font-size: 16px;\"><em>Szko\u0142a Podstawowa<\/em><\/span><\/strong><\/span><\/p>\n<p style=\"text-align: left; padding-left: 30px;\"><span style=\"font-family: 'Cantora One', sans-serif;\"><a href=\"https:\/\/martawiecka.pl\/wp-content\/uploads\/2015\/05\/konspekt_Podst_-I-III.doc\" target=\"_blank\">Klasy I &#8211; III \u00a0 s. B.\u00a0Wide\u0142ka<\/a><\/span><\/p>\n<p style=\"text-align: left; padding-left: 30px;\"><span style=\"font-family: 'Cantora One', sans-serif;\"><a href=\"https:\/\/martawiecka.pl\/wp-content\/uploads\/2015\/05\/konspekt_Podst_IV-VI.doc\" target=\"_blank\">Klasy IV &#8211; VI \u00a0 s. B. Wide\u0142ka<\/a><\/span><\/p>\n<p style=\"text-align: left; padding-left: 30px;\"><span style=\"font-family: 'Cantora One', sans-serif;\"><a href=\"https:\/\/martawiecka.pl\/wp-content\/uploads\/2015\/05\/konspekt_Szk.Podst_.doc\" target=\"_blank\">S. U. Kosicka<\/a><\/span><\/p>\n<p style=\"text-align: left; padding-left: 30px;\"><span style=\"font-family: 'Cantora One', sans-serif;\"><a href=\"https:\/\/martawiecka.pl\/wp-content\/uploads\/2015\/05\/Opowiadanie.doc\" target=\"_blank\">&#8222;Tajemnica \u015bwi\u0119to\u015bci&#8221; &#8211; opowiadanie, s. J. Podstawka<\/a><\/span><\/p>\n<p style=\"text-align: left; padding-left: 30px;\"><span style=\"font-family: 'Cantora One', sans-serif;\"><strong><em><span style=\"font-size: 16px;\">Gimnazjum<\/span><\/em><\/strong><\/span><\/p>\n<p style=\"text-align: left; padding-left: 30px;\"><span style=\"font-family: 'Cantora One', sans-serif;\"><a href=\"https:\/\/martawiecka.pl\/wp-content\/uploads\/2015\/05\/konspekt_gimnazjum.doc\" target=\"_blank\">Konspekt &#8211; s. A. Nowi\u0144ska<\/a><\/span><\/p>\n<p style=\"text-align: left; padding-left: 30px;\"><span style=\"font-family: 'Cantora One', sans-serif;\"><strong><em><span style=\"font-size: 16px;\">Liceum<\/span><\/em><\/strong><\/span><\/p>\n<p style=\"text-align: left; padding-left: 30px;\"><span style=\"font-family: 'Cantora One', sans-serif;\"><a href=\"https:\/\/martawiecka.pl\/wp-content\/uploads\/2015\/05\/konspekt_liceum.doc\" target=\"_blank\">Konspekt &#8211; s. A. Nowi\u0144ska<\/a><\/span><\/p>\n<p>&nbsp;<\/p>\n","protected":false},"excerpt":{"rendered":"<p>&nbsp; WIECZORNICA &#8222;Nikt nie ma wi\u0119kszej mi\u0142o\u015bci&#8230;&#8221; MISTERIUM \u201eB\u0105d\u017amy uczniami Chrystusa razem z siostr\u0105 Mart\u0105 Wieck\u0105&#8221; &nbsp; KONSPEKTY DO WYKORZYSTANIA W PRACY Z DZIE\u0106MI I M\u0141ODZIE\u017b\u0104:\u00a0 Przedszkole Konspekt &#8211; s. B. Wide\u0142ka Konspekt &#8211; s. U. Kosicka Szko\u0142a Podstawowa Klasy I &#8211; III \u00a0 s. B.\u00a0Wide\u0142ka Klasy IV &#8211; VI \u00a0 s. B. Wide\u0142ka S. [&hellip;]<\/p>\n","protected":false},"author":1,"featured_media":0,"parent":0,"menu_order":0,"comment_status":"closed","ping_status":"closed","template":"","meta":{"footnotes":""},"class_list":["post-1590","page","type-page","status-publish","hentry"],"_links":{"self":[{"href":"https:\/\/martawiecka.pl\/index.php?rest_route=\/wp\/v2\/pages\/1590","targetHints":{"allow":["GET"]}}],"collection":[{"href":"https:\/\/martawiecka.pl\/index.php?rest_route=\/wp\/v2\/pages"}],"about":[{"href":"https:\/\/martawiecka.pl\/index.php?rest_route=\/wp\/v2\/types\/page"}],"author":[{"embeddable":true,"href":"https:\/\/martawiecka.pl\/index.php?rest_route=\/wp\/v2\/users\/1"}],"replies":[{"embeddable":true,"href":"https:\/\/martawiecka.pl\/index.php?rest_route=%2Fwp%2Fv2%2Fcomments&post=1590"}],"version-history":[{"count":3,"href":"https:\/\/martawiecka.pl\/index.php?rest_route=\/wp\/v2\/pages\/1590\/revisions"}],"predecessor-version":[{"id":1598,"href":"https:\/\/martawiecka.pl\/index.php?rest_route=\/wp\/v2\/pages\/1590\/revisions\/1598"}],"wp:attachment":[{"href":"https:\/\/martawiecka.pl\/index.php?rest_route=%2Fwp%2Fv2%2Fmedia&parent=1590"}],"curies":[{"name":"wp","href":"https:\/\/api.w.org\/{rel}","templated":true}]}}